304 a multiple of 9?
False
Is 29469 a multiple of 33?
True
Is 93 a factor of 360?
False
Is 10530 a multiple of 21?
False
Does 10 divide 4333?
False
Is 4 a factor of 812?
True
Is 16 a factor of 2914?
False
Is 345 a multiple of 24?
False
Is 2 a factor of 22?
True
Is 10 a factor of 4955?
False
Is 595 a multiple of 15?
False
Does 130 divide 1040?
True
Is 23540 a multiple of 22?
True
Does 3 divide 227?
False
Is 20 a factor of 961?
False
Is 20 a factor of 2280?
True
Is 84 a factor of 3612?
True
Does 41 divide 63977?
False
Is 13664 a multiple of 16?
True
Does 40 divide 640?
True
Is 16 a factor of 18612?
False
Does 22 divide 101069?
False
Is 3581 a multiple of 20?
False
Does 144 divide 4464?
True
Is 42 a factor of 38094?
True
Is 457 a multiple of 16?
False
Is 166 a factor of 97110?
True
Does 9 divide 28266?
False
Is 21 a factor of 620?
False
Is 6 a factor of 385?
False
Is 631 even?
False
Does 4 divide 40?
True
Does 8 divide 12340?
False
Is 74 a multiple of 11?
False
Does 21 divide 27860?
False
Is 9 a factor of 196?
False
Is 3 a factor of 134?
False
Does 43 divide 1156?
False
Does 25 divide 1775?
True
Is 18941 a multiple of 13?
True
Is 962 a multiple of 13?
True
Does 18 divide 504?
True
Does 3 divide 205?
False
Is 13139 a multiple of 7?
True
Is 48 a factor of 28560?
True
Does 37 divide 444?
True
Does 17 divide 3516?
False
Does 18 divide 2754?
True
Is 41 a factor of 1452?
False
Does 33 divide 2772?
True
Is 2128 a multiple of 28?
True
Is 203 a multiple of 5?
False
Is 929 a multiple of 10?
False
Is 7 a factor of 917?
True
Does 21 divide 1887?
False
Does 10 divide 26?
False
Is 742 a multiple of 35?
False
Is 21 a factor of 6300?
True
Is 1482 a multiple of 10?
False
Does 8 divide 5339?
False
Is 12712 a multiple of 5?
False
Is 53063 a multiple of 17?
False
Does 106 divide 3756?
False
Does 6 divide 10320?
True
Does 51 divide 8925?
True
Does 15 divide 18162?
False
Does 24 divide 3778?
False
Does 16 divide 496?
True
Is 6 a factor of 3546?
True
Does 165 divide 3094?
False
Is 128 a multiple of 24?
False
Is 434 a multiple of 9?
False
Is 141 a factor of 41558?
False
Is 2992 a multiple of 16?
True
Does 298 divide 41124?
True
Is 8262 a multiple of 51?
True
Is 3116 a multiple of 164?
True
Is 42 a factor of 7098?
True
Is 8 a factor of 576?
True
Is 5597 a multiple of 20?
False
Does 105 divide 27720?
True
Is 1561 a multiple of 3?
False
Is 3510 a multiple of 8?
False
Is 6 a factor of 1398?
True
Is 2576 a multiple of 28?
True
Does 26 divide 8344?
False
Is 220 a factor of 38500?
True
Does 20 divide 405?
False
Is 870 a multiple of 145?
True
Is 61920 a multiple of 36?
True
Does 17 divide 564?
False
Is 129 a factor of 48052?
False
Does 54 divide 828?
False
Is 8 a factor of 23?
False
Is 2 a factor of 102?
True
Is 42826 a multiple of 327?
False
Is 4 a factor of 780?
True
Does 56 divide 1176?
True
Is 17019 a multiple of 6?
False
Is 10 a factor of 470?
True
Is 20 a factor of 4340?
True
Is 8 a factor of 8640?
True
Is 132 a factor of 12672?
True
Does 13 divide 100308?
True
Does 4 divide 2418?
False
Does 8 divide 6677?
False
Is 38 a multiple of 11?
False
Is 10823 a multiple of 79?
True
Is 18644 a multiple of 231?
False
Is 51 a factor of 1118?
False
Does 13 divide 494?
True
Is 7 a factor of 114?
False
Is 1694 a multiple of 14?
True
Does 49 divide 5403?
False
Is 43413 a multiple of 87?
True
Is 27 a factor of 8262?
True
Is 10508 a multiple of 91?
False
Does 76 divide 6232?
True
Does 11 divide 747?
False
Does 34 divide 973?
False
Is 2565 a multiple of 171?
True
Is 11110 a multiple of 101?
True
Is 17805 a multiple of 5?
True
Is 55 a factor of 5060?
True
Is 46 a factor of 1748?
True
Is 155 a factor of 141710?
False
Does 2 divide 1717?
False
Is 185 a factor of 60440?
False
Does 20 divide 7061?
False
Is 22 a factor of 6556?
True
Is 5 a factor of 38020?
True
Is 43 a factor of 2032?
False
Is 7 a factor of 1120?
True
Does 17 divide 29579?
False
Does 5 divide 285?
True
Is 43 a factor of 645?
True
Does 266 divide 17343?
False
Does 3 divide 153?
True
Does 4 divide 384?
True
Is 63335 a multiple of 70?
False
Is 20 a factor of 180?
True
Is 100 a factor of 3246?
False
Is 23 a factor of 4000?
False
Is 103 a factor of 15254?
False
Is 15 a factor of 286?
False
Does 25 divide 4196?
False
Is 240 a multiple of 16?
True
Does 32 divide 832?
True
Is 30296 a multiple of 8?
True
Is 17 a factor of 13515?
True
Is 18504 a multiple of 24?
True
Is 42 a factor of 3154?
False
Does 10 divide 2260?
True
Is 9 a factor of 28948?
False
Does 40 divide 8519?
False
Is 105 a factor of 1095?
False
Does 25 divide 12200?
True
Is 15 a factor of 942?
False
Does 236 divide 22892?
True
Is 38270 a multiple of 100?
False
Does 39 divide 5109?
True
Does 8 divide 408?
True
Is 31 a factor of 217?
True
Is 11 a factor of 27489?
True
Is 83 a factor of 7221?
True
Is 37169 a multiple of 31?
True
Does 101 divide 6090?
False
Is 168 a factor of 131149?
False
Does 78 divide 21762?
True
Does 243 divide 22599?
True
Is 4 a factor of 2060?
True
Is 51 a factor of 663?
True
Does 33 divide 6601?
False
Is 8834 a multiple of 7?
True
Is 2 a factor of 3715?
False
Does 23 divide 437?
True
Does 7 divide 112?
True
Is 60 a factor of 1980?
True
Does 17 divide 16287?
False
Is 9 a factor of 119?
False
Is 19 a factor of 266?
True
Does 29 divide 725?
True
Is 6760 a multiple of 11?
False
Is 11532 a multiple of 10?
False
Does 133 divide 13300?
True
Does 19 divide 4041?
False
Is 24 a factor of 53?
False
Is 9 a factor of 4905?
True
Is 1460 a multiple of 20?
True
Is 33 a factor of 1551?
True
Is 5144 a multiple of 90?
False
Is 237 a multiple of 47?
False
Is 1507 a multiple of 31?
False
Is 42784 a multiple of 16?
True
Is 1098 a multiple of 56?
False
Is 22 a factor of 5896?
True
Does 64 divide 1856?
True
Does 68 divide 340?
True
Is 17 a factor of 251?
False
Is 1351 a multiple of 17?
False
Is 11 a factor of 9416?
True
Is 1517 a multiple of 41?
True
Does 102 divide 22236?
True
Is 4176 a multiple of 8?
True
Does 22 divide 3028?
False
Is 1297 a multiple of 18?
False
Does 4 divide 1608?
True
Is 88426 a multiple of 26?
True
Does 16 divide 624?
True
Does 11 divide 3821?
False
Is 1080 a multiple of 10?
True
Is 10576 a multiple of 13?
False
Is 2166 a multiple of 114?
True
Is 19 a factor of 722?
True
Does 97 divide 23108?
False
Does 5 divide 1196?
False
Does 8 divide 1413?
False
Does 8 divide 2230?
False
Is 392 a multiple of 110?
False
Does 15 divide 107468?
False
Is 566 a multiple of 11?
False
Is 850 a multiple of 85?
True
Is 21 a factor of 118?
False
Is 320 a factor of 5760?
True
Does 42 divide 12222?
True
Does 47 divide 63194?
False
Does 11 divide 656?
False
Does 4 divide 14968?
True
Does 5 divide 3275?
True
Does 71 divide 192?
False
Is 23 a factor of 19320?
True
Does 49 divide 81209?
False
Does 69 divide 13869?
True
Is 619 a multiple of 12?
False
Does 10 divide 970?
True
Does 4 divide 80?
True
Is 27 a factor of 8179?
False
Is 17 a factor of 7650?
True
Is 4 a factor of 150?
False
Is 57474 a multiple of 31?
True
Does 8 divide 91?
False
Is 351 a multiple of 26?
False
Is 4320 a multiple of 72?
True
Is 59 a factor of 107?
False
Does 13 divide 429?
True
Does 11 divide 30090?
False
Is 2937 a multiple of 89?
True
Is 56 a factor of 647?
False
Does 55 divide 55?
True
Does 46 divide 1050?
False
Is 7 a factor of 1428?
True
Is 9443 a multiple of 7?
True
Is 27 a factor of 475?
False
Does 69 divide 12696?
True
Is 96 a factor of 384?
True
Does 11 divide 116?
False
Is 43853 a multiple of 8?
False
Does 59 divide 6608?
True
Does 48 divide 1248?
True
Does 104 divide 728?
True
Is 12 a factor of 6984?
True
Does 45 divide 1532?
False
Does 19 divide 591?
False
Is 22 a factor of 506?
True
Is 38 a factor of 19038?
True
Is 406 a multiple of 7?
True
Is 15732 a multiple of 76?
True
Is 25795 a multiple of 5?
True
Is 6924 a multiple of 16?
False
Is 9 a factor of 3989?
False
Is 82 a factor of 984?
True
Is 25 a factor of 877?
False
Is 62289 a multiple of 27?
True
Is 60 a factor of 14700?
True
Is 6187 a multiple of 10?
False
Does 16 divide 723?
False
Is 75 a factor of 10962?
False
Is 3383 a multiple of 38?
False
Does 18 divide 487?
False
Does 18 divide 1566?
True
Does 12 divide 228?
True
Is 221 a multiple of 13?
True
Is 71 a factor of 56143?
False
Is 22384 a multiple of 87?
False
Is 20 a factor of 22486?
False
D